{"id":6744,"date":"2025-04-04T17:55:20","date_gmt":"2025-04-04T15:55:20","guid":{"rendered":"https:\/\/mofiser.com\/tienda\/?post_type=product&#038;p=6744"},"modified":"2025-04-04T18:39:31","modified_gmt":"2025-04-04T16:39:31","slug":"bistro","status":"publish","type":"product","link":"https:\/\/mofiser.com\/tienda\/producto\/bistro\/","title":{"rendered":"Bistr\u00f3"},"content":{"rendered":"<p><strong>Mesa Bistr\u00f3:<\/strong><\/p>\n<p>\u2013 Tapas: A elegir entre <strong>madera<\/strong> (madera natural de roble o lacada monocolor), <strong>f\u00e9nix<\/strong> (Compuesta de resinas acr\u00edlicas de nueva generaci\u00f3n, endurecidas y fijadas. Acabado siempre negro) y <strong>dekton<\/strong> (S<span class=\"BxUVEf ILfuVd\" lang=\"es\"><span class=\"hgKElc\">uperficie porcel\u00e1nica ultracompacta neutra en carbono<\/span><\/span>. La base inferior siempre va lacada del color de la estructura).<\/p>\n<p>\u2013 Forma: A elegir entre redonda y cuadrada (las de las cuadradas son 60&#215;60 cm o 80&#215;80, pero hay excepciones. Para informaci\u00f3n m\u00e1s detallada, cons\u00faltenos).<\/p>\n<p>\u2013 Estructura: Base plana de madera de base plana de aluminio pulido con 4 protectores de patas de polipropileno. Los brazos tienen una secci\u00f3n rectangular.<\/p>\n","protected":false},"excerpt":{"rendered":"<p>Mesa Bistr\u00f3 de EsPattio.<\/p>\n<p>Para descansar, para todos.<\/p>\n<p><strong>Precio m\u00ednimo informativo. Si deseas consultar los modelos, las medidas, y sus precios exactos, por favor cont\u00e1ctenos.<\/strong><\/p>\n","protected":false},"featured_media":6748,"template":"","meta":{"_joinchat":[]},"product_cat":[322],"product_tag":[],"class_list":{"0":"post-6744","1":"product","2":"type-product","3":"status-publish","4":"has-post-thumbnail","6":"product_cat-muebles-contract","8":"first","9":"instock","10":"taxable","11":"shipping-taxable","12":"purchasable","13":"product-type-simple"},"_links":{"self":[{"href":"https:\/\/mofiser.com\/tienda\/wp-json\/wp\/v2\/product\/6744","targetHints":{"allow":["GET"]}}],"collection":[{"href":"https:\/\/mofiser.com\/tienda\/wp-json\/wp\/v2\/product"}],"about":[{"href":"https:\/\/mofiser.com\/tienda\/wp-json\/wp\/v2\/types\/product"}],"version-history":[{"count":2,"href":"https:\/\/mofiser.com\/tienda\/wp-json\/wp\/v2\/product\/6744\/revisions"}],"predecessor-version":[{"id":6750,"href":"https:\/\/mofiser.com\/tienda\/wp-json\/wp\/v2\/product\/6744\/revisions\/6750"}],"wp:featuredmedia":[{"embeddable":true,"href":"https:\/\/mofiser.com\/tienda\/wp-json\/wp\/v2\/media\/6748"}],"wp:attachment":[{"href":"https:\/\/mofiser.com\/tienda\/wp-json\/wp\/v2\/media?parent=6744"}],"wp:term":[{"taxonomy":"product_cat","embeddable":true,"href":"https:\/\/mofiser.com\/tienda\/wp-json\/wp\/v2\/product_cat?post=6744"},{"taxonomy":"product_tag","embeddable":true,"href":"https:\/\/mofiser.com\/tienda\/wp-json\/wp\/v2\/product_tag?post=6744"}],"curies":[{"name":"wp","href":"https:\/\/api.w.org\/{rel}","templated":true}]}}