{"id":6342,"date":"2025-03-17T13:02:46","date_gmt":"2025-03-17T12:02:46","guid":{"rendered":"https:\/\/mofiser.com\/tienda\/?post_type=product&#038;p=6342"},"modified":"2025-03-18T12:59:54","modified_gmt":"2025-03-18T11:59:54","slug":"baelo","status":"publish","type":"product","link":"https:\/\/mofiser.com\/tienda\/producto\/baelo\/","title":{"rendered":"Baelo"},"content":{"rendered":"<p>Disponemos de seis modelos dependiendo del modelo, tama\u00f1o y altura:<\/p>\n<p>&nbsp;<\/p>\n<p><strong>Baelo (Redonda, cuadrada, rectangulares medias, rectangulares altas, el\u00edptica media y tonel media):<\/strong><\/p>\n<p>\u2013 Estructura: Base de polietileno de color a elegir, unida a la tapa con chapa de acero. Para las mesas m\u00e1s peque\u00f1as ir\u00e1n incluido lastre (contrapeso de 8 kg aproximadamente) y para las mesas m\u00e1s largas ir\u00e1n incluidos vigas (m\u00ednino dos), acabados en negro y blanco.<\/p>\n<p>\u2013 Tapas: De madera natural de roble europeo o lacada en monocolor, color a elegir en ambos. En las m\u00e1s peque\u00f1as, tambi\u00e9n hay disponible tapas de Dekton, material que mezcla el vidrio, porcel\u00e1nicos y superficies de cuarzo, para su baja porosidad y alta durabilidad en temperaturas extremas.<\/p>\n","protected":false},"excerpt":{"rendered":"<p>Mesa Baelo de EsPattio.<\/p>\n<p>Para penetrar en los entornos m\u00e1s exigentes y en los m\u00e1s despreocupados.<\/p>\n<p><strong>Precio m\u00ednimo informativo. Si deseas consultar los modelos, las medidas, y sus precios exactos, por favor cont\u00e1ctenos.<\/strong><\/p>\n","protected":false},"featured_media":6410,"template":"","meta":{"_joinchat":[]},"product_cat":[322],"product_tag":[],"class_list":{"0":"post-6342","1":"product","2":"type-product","3":"status-publish","4":"has-post-thumbnail","6":"product_cat-muebles-contract","8":"first","9":"instock","10":"taxable","11":"shipping-taxable","12":"purchasable","13":"product-type-simple"},"_links":{"self":[{"href":"https:\/\/mofiser.com\/tienda\/wp-json\/wp\/v2\/product\/6342","targetHints":{"allow":["GET"]}}],"collection":[{"href":"https:\/\/mofiser.com\/tienda\/wp-json\/wp\/v2\/product"}],"about":[{"href":"https:\/\/mofiser.com\/tienda\/wp-json\/wp\/v2\/types\/product"}],"version-history":[{"count":6,"href":"https:\/\/mofiser.com\/tienda\/wp-json\/wp\/v2\/product\/6342\/revisions"}],"predecessor-version":[{"id":6675,"href":"https:\/\/mofiser.com\/tienda\/wp-json\/wp\/v2\/product\/6342\/revisions\/6675"}],"wp:featuredmedia":[{"embeddable":true,"href":"https:\/\/mofiser.com\/tienda\/wp-json\/wp\/v2\/media\/6410"}],"wp:attachment":[{"href":"https:\/\/mofiser.com\/tienda\/wp-json\/wp\/v2\/media?parent=6342"}],"wp:term":[{"taxonomy":"product_cat","embeddable":true,"href":"https:\/\/mofiser.com\/tienda\/wp-json\/wp\/v2\/product_cat?post=6342"},{"taxonomy":"product_tag","embeddable":true,"href":"https:\/\/mofiser.com\/tienda\/wp-json\/wp\/v2\/product_tag?post=6342"}],"curies":[{"name":"wp","href":"https:\/\/api.w.org\/{rel}","templated":true}]}}