{"id":2185,"date":"2024-12-27T10:26:17","date_gmt":"2024-12-27T09:26:17","guid":{"rendered":"https:\/\/mofiser.com\/tienda\/?post_type=product&#038;p=2185"},"modified":"2025-03-10T17:02:09","modified_gmt":"2025-03-10T16:02:09","slug":"dot-pro-dot-home-white-edition","status":"publish","type":"product","link":"https:\/\/mofiser.com\/tienda\/producto\/dot-pro-dot-home-white-edition\/","title":{"rendered":"Dot Pro (Dot Home) White Edition"},"content":{"rendered":"<p>Disponemos de tres modelos de la Dot Pro (Dot Home): <strong>Black<\/strong>, <strong>White<\/strong> y <strong>Colour Edition<\/strong>.<\/p>\n<p><em>(Si buscas los otros modelos, por favor busca en nuestra tienda online).<\/em><\/p>\n<p>&nbsp;<\/p>\n<p>&nbsp;<\/p>\n<p><strong>DOT PRO (DOT HOME) WHITE EDITION<\/strong><\/p>\n<p><strong>Sin cabezal<\/strong><\/p>\n<p>\u2013\u00a0Mecanismo Sincro: El respaldo y el asiento se desplazan hacia atr\u00e1s con el movimiento del usuario para una mejor posici\u00f3n de espalda.<\/p>\n<p>\u2013\u00a0Elevaci\u00f3n neum\u00e1tica: Para cambiar la altura del asiento.<\/p>\n<p>\u2013\u00a0Respaldo transpirable: Con malla web blanca.<\/p>\n<p>\u2013\u00a0Marco del respaldo: Blanco y regulaci\u00f3n lumbar Flex.<\/p>\n<p>\u2013\u00a0Asiento: Tapizado en gris oscuro.<\/p>\n<p>\u2013\u00a0Brazos: Regulables en altura, profundidad y \u00e1ngulo.. Color negro por arriba y blanco por abajo.<\/p>\n<p>\u2013\u00a0Ruedas dobles: Ruedas blandas ideales para suelo de m\u00e1rmol, parquet y cer\u00e1mica.<\/p>\n<p>\u2013\u00a0Base estrellada: De poliamida negra.<\/p>\n<p>&nbsp;<\/p>\n<p>&nbsp;<\/p>\n<p><strong>DOT PRO (DOT HOME) WHITE EDITION<\/strong><\/p>\n<p><strong>Con cabezal +70\u20ac<\/strong><\/p>\n<p><em>Se mantienen las especificaciones de la silla Dot Pro White Edition sin cabezal.<\/em><\/p>\n<p>\u2013\u00a0Cabezal: Regulable en altura e inclinaci\u00f3n y tapizado.<\/p>\n","protected":false},"excerpt":{"rendered":"<p>Silla Dot Pro de Grupo Forma 5.<\/p>\n<p>Dise\u00f1ada para innovar el sector de siller\u00eda.<\/p>\n<p><em>Requiere montaje.<br \/>\n<\/em><\/p>\n<p><strong>El precio mostrado es de la White Edition sin cabezal (NO pertenece a ninguna de las im\u00e1genes de muestra. Ser\u00eda similar a la primera imagen pero con el asiento en gris oscuro, la base estrellada de poliamida negra y la mitad de los brazos negros por arriba y blancos por abajo).<\/strong><\/p>\n<p><strong>Otras ediciones y los modelos personalizables tienen otros precios, por favor cons\u00faltenos para m\u00e1s informaci\u00f3n.<\/strong><\/p>\n<p>&nbsp;<\/p>\n<p>&nbsp;<\/p>\n<h3 style=\"text-align: center\">Seleccione m\u00e1s abajo el cabezal:<\/h3>\n","protected":false},"featured_media":2194,"template":"","meta":{"_joinchat":[]},"product_cat":[131],"product_tag":[],"class_list":{"0":"post-2185","1":"product","2":"type-product","3":"status-publish","4":"has-post-thumbnail","6":"product_cat-sillas-teletrabajo","8":"first","9":"instock","10":"sale","11":"taxable","12":"shipping-taxable","13":"purchasable","14":"product-type-variable"},"_links":{"self":[{"href":"https:\/\/mofiser.com\/tienda\/wp-json\/wp\/v2\/product\/2185","targetHints":{"allow":["GET"]}}],"collection":[{"href":"https:\/\/mofiser.com\/tienda\/wp-json\/wp\/v2\/product"}],"about":[{"href":"https:\/\/mofiser.com\/tienda\/wp-json\/wp\/v2\/types\/product"}],"version-history":[{"count":15,"href":"https:\/\/mofiser.com\/tienda\/wp-json\/wp\/v2\/product\/2185\/revisions"}],"predecessor-version":[{"id":6203,"href":"https:\/\/mofiser.com\/tienda\/wp-json\/wp\/v2\/product\/2185\/revisions\/6203"}],"wp:featuredmedia":[{"embeddable":true,"href":"https:\/\/mofiser.com\/tienda\/wp-json\/wp\/v2\/media\/2194"}],"wp:attachment":[{"href":"https:\/\/mofiser.com\/tienda\/wp-json\/wp\/v2\/media?parent=2185"}],"wp:term":[{"taxonomy":"product_cat","embeddable":true,"href":"https:\/\/mofiser.com\/tienda\/wp-json\/wp\/v2\/product_cat?post=2185"},{"taxonomy":"product_tag","embeddable":true,"href":"https:\/\/mofiser.com\/tienda\/wp-json\/wp\/v2\/product_tag?post=2185"}],"curies":[{"name":"wp","href":"https:\/\/api.w.org\/{rel}","templated":true}]}}

<p>Disponemos de tres modelos de la Dot Pro (Dot Home): <strong>Black</strong>, <strong>White</strong> y <strong>Colour Edition</strong>.</p>
<p><em>(Si buscas los otros modelos, por favor busca en nuestra tienda online).</em></p>
<p>&nbsp;</p>
<p>&nbsp;</p>
<p><strong>DOT PRO (DOT HOME) WHITE EDITION</strong></p>
<p><strong>Sin cabezal</strong></p>
<p>– Mecanismo Sincro: El respaldo y el asiento se desplazan hacia atrás con el movimiento del usuario para una mejor posición de espalda.</p>
<p>– Elevación neumática: Para cambiar la altura del asiento.</p>
<p>– Respaldo transpirable: Con malla web blanca.</p>
<p>– Marco del respaldo: Blanco y regulación lumbar Flex.</p>
<p>– Asiento: Tapizado en gris oscuro.</p>
<p>– Brazos: Regulables en altura, profundidad y ángulo.. Color negro por arriba y blanco por abajo.</p>
<p>– Ruedas dobles: Ruedas blandas ideales para suelo de mármol, parquet y cerámica.</p>
<p>– Base estrellada: De poliamida negra.</p>
<p>&nbsp;</p>
<p>&nbsp;</p>
<p><strong>DOT PRO (DOT HOME) WHITE EDITION</strong></p>
<p><strong>Con cabezal +70€</strong></p>
<p><em>Se mantienen las especificaciones de la silla Dot Pro White Edition sin cabezal.</em></p>
<p>– Cabezal: Regulable en altura e inclinación y tapizado.</p>

<p>Silla Dot Pro de Grupo Forma 5.</p>
<p>Diseñada para innovar el sector de sillería.</p>
<p><em>Requiere montaje.<br />
</em></p>
<p><strong>El precio mostrado es de la White Edition sin cabezal (NO pertenece a ninguna de las imágenes de muestra. Sería similar a la primera imagen pero con el asiento en gris oscuro, la base estrellada de poliamida negra y la mitad de los brazos negros por arriba y blancos por abajo).</strong></p>
<p><strong>Otras ediciones y los modelos personalizables tienen otros precios, por favor consúltenos para más información.</strong></p>
<p>&nbsp;</p>
<p>&nbsp;</p>
<h3 style="text-align: center">Seleccione más abajo el cabezal:</h3>
