{"id":1884,"date":"2024-04-05T02:44:49","date_gmt":"2024-04-05T00:44:49","guid":{"rendered":"https:\/\/mofiser.com\/tienda\/?post_type=product&#038;p=1884"},"modified":"2024-04-05T02:44:49","modified_gmt":"2024-04-05T00:44:49","slug":"tray","status":"publish","type":"product","link":"https:\/\/mofiser.com\/tienda\/producto\/tray\/","title":{"rendered":"Tray"},"content":{"rendered":"<p align=\"left\"><span style=\"font-family: Arial, sans-serif;\"><span style=\"font-size: medium;\">Una mesa de oficina que destaca por sus l\u00edneas puras y por el equilibrio entre funcionalidad y personalidad, pero tambi\u00e9n por el sistema de complementos de separaci\u00f3n, almacenaje y archivo. Una colecci\u00f3n que surge de la necesidad de equipar espacios contract, oficina u hogar con un mobiliario funcional y vers\u00e1til, pero cuyo dise\u00f1o aporte valor multiplicador. <\/span><\/span><\/p>\n<p align=\"left\"><span style=\"font-family: Arial, sans-serif;\"><span style=\"font-size: medium;\">Dimensiones: se fabrica en dos dimensiones diferentes de 1500\u00d7750 mm o 1200\u00d7750 mm<\/span><\/span><\/p>\n<p align=\"left\"><span style=\"font-family: Arial, sans-serif;\"><span style=\"font-size: medium;\"><br \/>\nEstructura: realizada en chapa de acero pintada al horno con pintura Epoxy-Poli\u00e9ster blanca, una encimera en compacto blanco de 12 mm de espesor y montantes verticales en madera de haya barnizada de desforestaci\u00f3n controlada de 52 mm de di\u00e1metro con niveladores. <\/span><\/span><\/p>\n","protected":false},"excerpt":{"rendered":"<p>Una mesa de oficina que destaca por sus l\u00edneas puras y por el equilibrio entre funcionalidad y personalidad, pero tambi\u00e9n<\/p>\n","protected":false},"featured_media":1886,"template":"","meta":{"_joinchat":[]},"product_cat":[130],"product_tag":[],"class_list":{"0":"post-1884","1":"product","2":"type-product","3":"status-publish","4":"has-post-thumbnail","6":"product_cat-muebles-coworking","8":"first","9":"instock","10":"taxable","11":"shipping-taxable","12":"purchasable","13":"product-type-simple"},"_links":{"self":[{"href":"https:\/\/mofiser.com\/tienda\/wp-json\/wp\/v2\/product\/1884","targetHints":{"allow":["GET"]}}],"collection":[{"href":"https:\/\/mofiser.com\/tienda\/wp-json\/wp\/v2\/product"}],"about":[{"href":"https:\/\/mofiser.com\/tienda\/wp-json\/wp\/v2\/types\/product"}],"version-history":[{"count":0,"href":"https:\/\/mofiser.com\/tienda\/wp-json\/wp\/v2\/product\/1884\/revisions"}],"wp:featuredmedia":[{"embeddable":true,"href":"https:\/\/mofiser.com\/tienda\/wp-json\/wp\/v2\/media\/1886"}],"wp:attachment":[{"href":"https:\/\/mofiser.com\/tienda\/wp-json\/wp\/v2\/media?parent=1884"}],"wp:term":[{"taxonomy":"product_cat","embeddable":true,"href":"https:\/\/mofiser.com\/tienda\/wp-json\/wp\/v2\/product_cat?post=1884"},{"taxonomy":"product_tag","embeddable":true,"href":"https:\/\/mofiser.com\/tienda\/wp-json\/wp\/v2\/product_tag?post=1884"}],"curies":[{"name":"wp","href":"https:\/\/api.w.org\/{rel}","templated":true}]}}