{"id":1827,"date":"2024-04-05T02:26:29","date_gmt":"2024-04-05T00:26:29","guid":{"rendered":"https:\/\/mofiser.com\/tienda\/?post_type=product&#038;p=1827"},"modified":"2025-03-18T13:25:49","modified_gmt":"2025-03-18T12:25:49","slug":"x7","status":"publish","type":"product","link":"https:\/\/mofiser.com\/tienda\/producto\/x7\/","title":{"rendered":"X7"},"content":{"rendered":"<p>Sobres en tablero de aglomerado recubierto por melamina antireflejos, antiara\u00f1azos y de f\u00e1cil limpieza, de 18 mm de espesor, con canto perfilado de 10 mm de grosor en todo el per\u00edmetro. Los lados largos est\u00e1n canteados con ABS antigolpes de 1 mm, acabado a juego; los lados cortos est\u00e1n rematados con un perfil de aluminio extru\u00eddo de 5 mm de espesor y 10 mm de altura en acabado cromo brillante.<\/p>\n<p>Densidad del panel: 670\/730 kg\/m3<\/p>\n<p><span style=\"font-family: Arial, sans-serif\"><span style=\"font-size: medium\">Mesa de medidas: 220&#215;100(210)x74,8 con ala auxiliar + buc de tres cajones<\/span><\/span><\/p>\n","protected":false},"excerpt":{"rendered":"<p>Mesa x7 de Quadrifoglio.<\/p>\n<p>Estiloso y fino.<\/p>\n<p><em>Requiere montaje.<\/em><\/p>\n<p><strong>Precio informativo. Si desea saber m\u00e1s sobre sus colores, medidas, complementos adicionales y precios exactos, por favor cont\u00e1ctenos.<\/strong><\/p>\n<p>&nbsp;<\/p>\n","protected":false},"featured_media":1828,"template":"","meta":{"_joinchat":[]},"product_cat":[127,134],"product_tag":[],"class_list":{"0":"post-1827","1":"product","2":"type-product","3":"status-publish","4":"has-post-thumbnail","6":"product_cat-mesas-de-oficina","7":"product_cat-direccion","9":"first","10":"instock","11":"taxable","12":"shipping-taxable","13":"purchasable","14":"product-type-simple"},"_links":{"self":[{"href":"https:\/\/mofiser.com\/tienda\/wp-json\/wp\/v2\/product\/1827","targetHints":{"allow":["GET"]}}],"collection":[{"href":"https:\/\/mofiser.com\/tienda\/wp-json\/wp\/v2\/product"}],"about":[{"href":"https:\/\/mofiser.com\/tienda\/wp-json\/wp\/v2\/types\/product"}],"version-history":[{"count":3,"href":"https:\/\/mofiser.com\/tienda\/wp-json\/wp\/v2\/product\/1827\/revisions"}],"predecessor-version":[{"id":6421,"href":"https:\/\/mofiser.com\/tienda\/wp-json\/wp\/v2\/product\/1827\/revisions\/6421"}],"wp:featuredmedia":[{"embeddable":true,"href":"https:\/\/mofiser.com\/tienda\/wp-json\/wp\/v2\/media\/1828"}],"wp:attachment":[{"href":"https:\/\/mofiser.com\/tienda\/wp-json\/wp\/v2\/media?parent=1827"}],"wp:term":[{"taxonomy":"product_cat","embeddable":true,"href":"https:\/\/mofiser.com\/tienda\/wp-json\/wp\/v2\/product_cat?post=1827"},{"taxonomy":"product_tag","embeddable":true,"href":"https:\/\/mofiser.com\/tienda\/wp-json\/wp\/v2\/product_tag?post=1827"}],"curies":[{"name":"wp","href":"https:\/\/api.w.org\/{rel}","templated":true}]}}